remainder when 17972 is divided by 23.
9
Calculate the remainder when 26901 is divided by 481.
446
Calculate the remainder when 15435 is divided by 53.
12
What is the remainder when 9130 is divided by 35?
30
Calculate the remainder when 2996 is divided by 1016.
964
What is the remainder when 187968 is divided by 193?
179
What is the remainder when 49033 is divided by 721?
5
What is the remainder when 26629 is divided by 26612?
17
Calculate the remainder when 33338 is divided by 16653.
32
What is the remainder when 565692 is divided by 121?
17
Calculate the remainder when 13539 is divided by 81.
12
What is the remainder when 14333 is divided by 422?
407
Calculate the remainder when 101 is divided by 77.
24
Calculate the remainder when 30778 is divided by 74.
68
What is the remainder when 130406 is divided by 114?
104
Calculate the remainder when 373 is divided by 252.
121
Calculate the remainder when 31524 is divided by 2100.
24
Calculate the remainder when 8244 is divided by 17.
16
Calculate the remainder when 428 is divided by 206.
16
What is the remainder when 114939 is divided by 57403?
133
What is the remainder when 102212 is divided by 2555?
12
What is the remainder when 55404 is divided by 119?
69
Calculate the remainder when 68875 is divided by 34435.
5
What is the remainder when 24869 is divided by 59?
30
Calculate the remainder when 306 is divided by 8.
2
Calculate the remainder when 179711 is divided by 1619.
2
What is the remainder when 26589 is divided by 131?
127
Calculate the remainder when 15806 is divided by 104.
102
Calculate the remainder when 169589 is divided by 20.
9
Calculate the remainder when 16048164 is divided by 815.
814
What is the remainder when 310619 is divided by 6?
5
What is the remainder when 391 is divided by 76?
11
What is the remainder when 198768 is divided by 77?
31
What is the remainder when 22220 is divided by 5554?
4
Calculate the remainder when 159119 is divided by 452.
15
Calculate the remainder when 127945 is divided by 84.
13
Calculate the remainder when 26198 is divided by 5130.
548
What is the remainder when 582752 is divided by 85?
77
What is the remainder when 570565 is divided by 142640?
5
What is the remainder when 2763 is divided by 18?
9
What is the remainder when 495 is divided by 358?
137
What is the remainder when 769823 is divided by 216?
215
What is the remainder when 40006 is divided by 306?
226
Calculate the remainder when 101197 is divided by 427.
425
Calculate the remainder when 5067 is divided by 137.
135
Calculate the remainder when 625970 is divided by 289.
285
Calculate the remainder when 337676 is divided by 21.
17
What is the remainder when 1312 is divided by 207?
70
What is the remainder when 649448 is divided by 79?
68
What is the remainder when 4508 is divided by 970?
628
What is the remainder when 9395 is divided by 171?
161
What is the remainder when 21982 is divided by 10980?
22
Calculate the remainder when 288998 is divided by 163.
162
What is the remainder when 51664 is divided by 198?
184
What is the remainder when 338795 is divided by 112?
107
What is the remainder when 1555 is divided by 29?
18
Calculate the remainder when 38987 is divided by 9735.
47
Calculate the remainder when 5372 is divided by 67.
12
Calculate the remainder when 1537455 is divided by 451.
447
Calculate the remainder when 2642076 is divided by 7.
3
What is the remainder when 37285 is divided by 556?
33
Calculate the remainder when 504250 is divided by 1566.
1564
What is the remainder when 15717 is divided by 137?
99
What is the remainder when 93036 is divided by 1193?
1175
Calculate the remainder when 1858593 is divided by 71484.
9
Calculate the remainder when 1047912 is divided by 98.
96
What is the remainder when 23351 is divided by 1112?
1111
What is the remainder when 19876 is divided by 35?
31
Calculate the remainder when 51542 is divided by 288.
278
What is the remainder when 7440 is divided by 1791?
276
Calculate the remainder when 5401 is divided by 14.
11
Calculate the remainder when 2168 is divided by 2124.
44
Calculate the remainder when 140932 is divided by 405.
397
Calculate the remainder when 3853 is divided by 149.
128
What is the remainder when 625 is divided by 477?
148
What is the remainder when 32342 is divided by 1155?
2
What is the remainder when 265 is divided by 12?
1
Calculate the remainder when 356941 is divided by 317.
316
Calculate the remainder when 1036 is divided by 7.
0
Calculate the remainder when 1433 is divided by 516.
401
Calculate the remainder when 154046 is divided by 79.
75
Calculate the remainder when 150046 is divided by 65.
26
What is the remainder when 4084559 is divided by 2471?
2467
Calculate the remainder when 20854 is divided by 1158.
10
Calculate the remainder when 27529 is divided by 4.
1
What is the remainder when 47602 is divided by 186?
172
What is the remainder when 3483 is divided by 252?
207
What is the remainder when 192279 is divided by 437?
436
What is the remainder when 822 is divided by 390?
42
What is the remainder when 30419 is divided by 19?
0
Calculate the remainder when 298 is divided by 95.
13
Calculate the remainder when 5452869 is divided by 22.
15
What is the remainder when 2346 is divided by 1360?
986
Calculate the remainder when 230732 is divided by 1254.
1250
Calculate the remainder when 28721 is divided by 75.
71
What is the remainder when 5126 is divided by 269?
15
What is the remainder when 7722 is divided by 160?
42
Calculate the remainder when 2992 is divided by 349.
200
What is the remainder when 2619 is divided by 191?
136
Calculate the remainder when 33596 is divided by 105.
101
What is the remainder when 1368 is divided by 147?
45
Calculate the remainder when 2404 is divided by 1524.
880
What is the remainder when 6242 is divided by 518?
26
Calculate the remainder when 3026 is divided by 715.
166
Calculate the remainder when 1305 is divided by 252.
45
What is the remainder when 86376 is divided by 751?
11
What is the remainder when 13824 is divided by 62?
60
Calculate the remainder when 44626 is divided by 236.
22
Calculate the remainder when 5920 is divided by 328.
16
Calculate the remainder when 33301 is divided by 476.
457
Calculate the remainder when 9596 is divided by 2063.
1344
Calculate the remainder when 5266 is divided by 1046.
36
What is the remainder when 62173 is divided by 25?
23
Calculate the remainder when 622743 is divided by 76.
75
What is the remainder when 19 is divided by 16?
3
What is the remainder when 1046 is divided by 346?
8
Calculate the remainder when 6121 is divided by 3055.
11
What is the remainder when 700 is divided by 611?
89
What is the remainder when 4335 is divided by 145?
130
Calculate the remainder when 593 is divided by 65.
8
What is the remainder when 342974 is divided by 425?
424
What is the remainder when 2105153 is divided by 311?
305
Calculate the remainder when 10908 is divided by 498.
450
What is the remainder when 49437 is divided by 4481?
146
What is the remainder when 11800 is divided by 562?
560
What is the remainder when 182489 is divided by 462?
461
What is the remainder when 196 is divided by 11?
9
Calculate the remainder when 51345 is divided by 311.
30
Calculate the remainder when 89817 is divided by 17961.
12
What is the remainder when 13387 is divided by 4426?
109
What is the remainder when 155535 is divided by 202?
197
What is the remainder when 495 is divided by 47?
25
What is the remainder when 67736 is divided by 22564?
44
What is the remainder when 23008 is divided by 793?
11
What is the remainder when 68030 is divided by 830?
800
What is the remainder when 263 is divided by 85?
8
What is the remainder when 133122 is divided by 133104?
18
Calculate the remainder when 1836885 is divided by 29.
25
Calculate the remainder when 1000835 is divided by 301.
10
Calculate the remainder when 2820 is divided by 1395.
30
What is the remainder when 363866 is divided by 72?
50
Calculate the remainder when 9778 is divided by 15.
13
Calculate the remainder when 182568 is divided by 60842.
42
Calculate the remainder when 46538 is divided by 3571.
115
Calculate the remainder when 24052 is divided by 127.
49
What is the remainder when 94 is divided by 81?
13
What is th